. Let x(k) be the second derivative of q(k). Determine x(12).
6
Let d(q) = 2*q**2 + 3*q**2 + 25*q - 32*q - 12 - 4*q**2. Suppose 0 = 3*n - 6*u + 2*u - 1, -20 = -4*u. What is d(n)?
-12
Let c(s) = s - 6. Let g(h) = 1. Let j(w) = -c(w) + 4*g(w). Let r(x) = x**3 + 98*x**2 + 8*x + 792. Let m be r(-98). Give j(m).
2
Let p(j) = 9*j - 15*j + 122 - 6 + 9*j. Determine p(-39).
-1
Suppose 11 + 2 = -q + 5*m, -5*m - 5 = 5*q. Let b be (1 + -7)*1/q. Let h(k) = 11*k**2 - 3*k**2 - 2*k**b - 2*k**2 - 2*k - 1. Calculate h(2).
11
Let u be 4 - (-1)/2*0. Let y(d) be the third derivative of d**5/30 - d**4/12 + 5*d**3/6 - 55*d**2. Calculate y(u).
29
Let f(a) = -a**3 - 13*a**2 - 30*a - 10. Suppose -40*z - 2*p = -41*z - 12, -21 = 2*z - p. Calculate f(z).
-10
Let f(l) = l**2 + 11*l + 17. Suppose 9*g - 35 = 4*g. Let x(b) = -2*b**2 + 13*b - 2. Let c be x(g). Determine f(c).
-1
Let v(l) = -9*l - 8*l**2 + 26 - 31 + 13*l**2 - 6*l**2. Let q = 8 - 17. What is v(q)?
-5
Let j(b) = b**2 + 9. Suppose -27*m - 192 = -0*m + 21*m. Give j(m).
25
Let l(t) be the second derivative of t**5/20 - 5*t**4/12 + 2*t**3/3 + 16*t. Let y = 9909 - 9904. Calculate l(y).
20
Let i(t) = -10*t - 1. Let g(a) = -97*a**3 - 3*a**2 + 4*a - 2. Let n be g(1). Let z = 81 - -16. Let j = n + z. Give i(j).
9
Let p(t) = -12*t**3 - 1 + t**2 + t**2 + 11*t**3 + 3*t**2. Let r be ((-396)/(-231))/((-4)/14) + 10. Give p(r).
15
Let j(v) = v**3 - 3*v**2 - 2*v - 2. Let c(r) = 2*r**3 - 13*r**2 - 12*r - 13. Let m(n) = c(n) - j(n). What is m(11)?
0
Let h(g) = -7*g**2 - 5*g - 80. Let j(p) = 6*p**2 + 5*p + 50. Let y(s) = -4*h(s) - 5*j(s). What is y(5)?
-5
Let f(x) = x**2 - 2*x + 2. Let b(s) = -s**3 - 24*s**2 - 24*s - 3. Let t = 48 - 71. Let d be b(t). Suppose 17*y = d*y - 9. What is f(y)?
5
Let c(n) = 65*n**3 + 12*n**2 - 120*n - 1. Let x(u) = -194*u**3 - 34*u**2 + 340*u + 3. Let m(p) = 17*c(p) + 6*x(p). Determine m(1).
-58
Let o(l) = -33*l**2 + 759*l + 14. Let s be o(23). Let p(u) = u**3 - 13*u**2 - 7*u - 34. Give p(s).
64
Let l(m) be the first derivative of -m**5/60 - 7*m**4/24 + m**3/3 - 49*m**2/2 - 82. Let r(s) be the second derivative of l(s). Determine r(-5).
12
Let b(d) = -67*d**2 - 4*d + 34. Let h(n) = 66*n**2 + 2*n - 49. Let s(y) = 4*b(y) + 3*h(y). Give s(-1).
-71
Let v(d) = -d**2 + 9*d - 8. Let w(r) be the first derivative of r**3/3 + 9*r**2/2 + 16*r + 27. Let g be w(-7). Let j be (-5*10/(-75))/(g/27). What is v(j)?
-8
Let w(l) = -2*l**3 - 3*l**2 - 4*l - 7. Let x = -7675 + 7672. Determine w(x).
32
Let x(a) be the third derivative of a**8/6720 - a**7/210 + a**6/360 - 3*a**5/20 - a**4/4 - 6*a**2. Let f(u) be the second derivative of x(u). Determine f(12).
6
Suppose 56*c - 261 = 53*c. Let a(q) = -3 - 3*q**2 + 84*q + q**3 - 174*q + c*q. Give a(4).
1
Let x(s) be the first derivative of -s**4/8 + 5*s**3/2 + 35*s**2/2 - 2*s - 57. Let g(y) be the second derivative of x(y). Calculate g(6).
-3
Let o be (-2 - 1) + -9*22/99. Let w(d) = -3*d + 207. Let g(k) = -k + 59. Let s(v) = o*w(v) + 18*g(v). Determine s(11).
-6
Let w(s) = 4*s + 8. Let u = -65 + -37. Let d be 3*2/6*u/(-2). Let k = d + -57. Determine w(k).
-16
Suppose -i = -2*i - 1. Let c(k) = k + 5. Let w(y) = 491 - 978 + 486. Let r(b) = i*c(b) - 6*w(b). Give r(-2).
3
Let v be (1464/(-427))/(3/(-14) - (1 + -1)). Let a(n) = -5*n + 89. Determine a(v).
9
Let a(g) be the third derivative of 19*g**6/40 - g**5/60 + g**4/24 - 1329*g**2. Give a(1).
57
Let v(y) = 18 - 20*y**3 + 6*y**3 + 3*y**3 + 5*y**3 + 4*y + 4*y**3 + 12*y**2. Calculate v(6).
42
Let p(f) = -2*f**2 - 207*f + 211*f + 7 + 205*f**3 - 204*f**3. Calculate p(4).
55
Let w(c) = 3203*c**2 + 15 - 9*c - 1618*c**2 - 1586*c**2 - 10*c. What is w(-19)?
15
Suppose 36 = 4*y + 4*f, 2*y + y - 43 = 5*f. Let v(q) be the third derivative of q**6/120 - q**5/5 + 5*q**4/12 + 2*q**3/3 - 7570*q**2 + q + 2. Determine v(y).
-7
Let y(s) be the second derivative of -s**3/6 + 7*s**2/2 + 285*s. Suppose -26 = 2*j - 7*j - 2*d, 0 = -3*j - 4*d + 10. Calculate y(j).
1
Suppose -389 = 82*i - 19*i + 367. Let s(l) = 4*l + 54. Determine s(i).
6
Let d(n) = -5*n**2 - 49*n - 35. Let f(x) = 2*x**2 + 16*x + 15. Let c(t) = -3*d(t) - 8*f(t). What is c(19)?
-15
Let s(w) = -2*w - 374. Let x(c) = c + 159. Let y(b) = -5*s(b) - 12*x(b). Calculate y(-21).
4
Let d(b) = -3*b**2 + 8*b - 2. Let c(w) = w**3 + 7*w**2 + 9*w + 22. Let p be c(-6). Suppose 3*j = -5*v + 9, -4*j - 6 + p = 2*v. Calculate d(v).
-5
Let j(c) = -2*c**2 - 9. Let z(u) = -3*u**2 - u - 17. Let s(v) = -7*j(v) + 4*z(v). Let r = 12993 + -12989. What is s(r)?
11
Let m = 17 + 27. Let w = 31 - m. Let c be (-3)/((-2)/(-2)) - (w - -12). Let k(g) = -g**3 + 2*g + 1. Give k(c).
5
Let v(t) = 2*t**3 - 2*t**2 - 2*t + 2. Suppose 2*w - 92 = 92. Let p = w - 118. Let i be (-2)/4*(p + 22). Give v(i).
6
Let h(a) be the first derivative of -a**5/30 + 28*a**3/3 - 18. Let z(u) be the third derivative of h(u). Calculate z(1).
-4
Let c = -1292 + 1297. Let y(s) = -s**3 + 2*s**2 + 13*s - 9. Calculate y(c).
-19
Let r = 18449 + -18446. Let n(v) = 132*v - 394. What is n(r)?
2
Let b(y) = -5*y**2 - 3*y + 2. Let m(g) = 11*g**2 + 21*g + 33. Let p(f) = -2*b(f) - m(f). Determine p(-13).
-11
Let g = -455 - -485. Let f be 19/(-5) + (-6)/g*1. Let k(p) = p + 7. Calculate k(f).
3
Let q(c) be the first derivative of -c**4/4 - c**3 - c + 2220. Suppose 6 - 15 = 3*r. Let z be -6 - (r - (2 + -3)). Give q(z).
15
Suppose 0*x - x + 5*u + 10 = 0, 5*x = -5*u - 70. Let c(j) be the third derivative of -j**5/60 - 3*j**4/8 + j**3 - 45*j**2. Give c(x).
-4
Let w(k) = -k**2 + k - 1. Let q(p) = 3*p**2 + 7*p + 2. Let i(y) = -q(y) - 2*w(y). Suppose 3*t - 4*r = -14, r - 1 = t + 5. Determine i(t).
-10
Let r(a) be the third derivative of a**6/120 - a**5/5 + 2*a**3 - 817*a**2 - 3. Determine r(12).
12
Let b(j) be the first derivative of 10*j + 1/2*j**2 - 6. Let x(h) = h - 3. Let v be x(-4). Give b(v).
3
Let i(q) = -2*q**2 - 104*q + 2903. Let o be i(-72). Let j(b) = -5*b + 41. Give j(o).
-74
Let a(n) = 5*n + 51. Let q(f) = -5*f - 50. Let m(h) = 6*a(h) + 7*q(h). Suppose -4*j - 2*j - 42 = 0. Let c be m(j). Let k(w) = -w**2 - 10*w - 10. Give k(c).
-1
Let o(c) be the first derivative of c**4/4 - 2*c**3 - 3*c**2/2 + 2. Let b(a) = 48*a**2 + 2402*a + 106. Let j be b(-50). What is o(j)?
-18
Suppose 3*m = -2*m. Suppose -n + 3*o + 17 = 3*n, 0 = -4*n + 5*o + 23. Suppose m*s = s - n, q + 3*s = 11. Let v(i) = i + 1. Determine v(q).
6
Let i(f) = -f**2 - 8*f - 1. Suppose -g - 578 = n - 112, 4*n - 451 = g. Let u be 14/105 - g/15. Let z = 23 - u. Determine i(z).
-1
Let r(j) be the second derivative of -j**4/12 - j**3 - 5*j**2/2 + 8*j + 36. Suppose 4*y + 5*f + 44 = 0, -f = y + f + 14. Give r(y).
-5
Suppose 0 = y + 3*z - 5, 0*z - 27 = 5*y + 2*z. Let m be 0/(((-4)/6)/(y/42)). Let w(s) = -s**3 + s**2 - s + 8. What is w(m)?
8
Let z(l) = l**2 + 4*l - 139. Let o(b) = -b**2 + 39*b + 386. Let p be o(-8). Determine z(p).
1
Let i(a) = 7*a**2 - 6*a - 71*a**3 - 78*a**3 - 8 + 148*a**3. Suppose 0 = -86*q + 525 - 9. Calculate i(q).
-8
Let q(z) = z**3 + 5*z**2 - 172*z + 64. Let m be q(-16). Let y(h) be the first derivative of h**4/4 + h**3/3 - h**2/2 + 24*h + 2. Give y(m).
24
Let v(s) be the first derivative of -s**4/2 + 27*s**3 + 21*s**2 - 39*s + 2674. Determine v(41).
2
Let s(i) be the third derivative of -i**4/4 + 3*i**3/2 + 90*i**2 - 2*i - 3. Determine s(-4).
33
Let x = -69 + 70. Let g be (0 - -56) + 0*(2 - x). Let d be 4 - 1 - 5/(35/g). Let p(c) = c**3 + 4*c**2 - 4*c + 4. What is p(d)?
-1
Let f(l) be the first derivative of l**4/4 + l**3 - 5*l**2/2 + 4*l - 1382. Calculate f(-4).
8
Suppose 14*y + 3*u = 18*y - 37, 2*y + 18*u + 118 = 0. Let g(r) = 3*r**2 + 2*r - 15. Calculate g(y).
41
Let t(n) = n**3 - 7*n**2 + 6*n - 7. Let f be t(6). Let r(o) = -o**2 - 2*o + 25. Let b(h) = -5*h**2 - 9*h + 133. Let s(l) = 2*b(l) - 11*r(l). Calculate s(f).
12
Let b = -132 - -211. Suppose -2*z - b + 91 = 0. Let l(w) = -w**2 + 6*w + 7. Give l(z).
7
Let p be (-2 - (-4 + 2)) + 0. Let g(f) = -33*f**2 - 25*f**2 + 57*f**2 - f + 9. Give g(p).
9
Let a(m) = 2*m**2 - 5*m**2 - 4 + 5*m + 2*m. Let x(o) = -o**3 + 22*o**2 - 31*o - 176. Let p be x(20). What is a(p)?
-24
Let c(d) be the first derivative of 21*d**2/2 - 90*d + 3979. Give c(4).
-6
Suppose -a - 15 = -3*u, 158*u - 157*u + 3*a = -5. Let l(d) = -d**2 - 4*d + 15. Calculate l(u).
-17
Le